{"id":118,"date":"2014-01-06T11:43:06","date_gmt":"2014-01-06T11:43:06","guid":{"rendered":"http:\/\/dimitroff-geigen.de\/?page_id=118"},"modified":"2019-07-23T11:12:34","modified_gmt":"2019-07-23T11:12:34","slug":"aktuell","status":"publish","type":"page","link":"http:\/\/dimitroff-geigen.de\/?page_id=118","title":{"rendered":"aktuell"},"content":{"rendered":"<p>Liebe Freunde, liebe Streicherinnen und Streicher,<\/p>\n<p>1. Werkstattkonzert am 14.3.2018 im Rathaussaal Berlin Pankow zwei Ausschnitte, dieses wunderbaren Abends &#8211; herzlichen Dank an die wunderbaren Musikerinnen und Musiker<\/p>\n<p><iframe loading=\"lazy\" title=\"Gra\u017cyna Bacewicz, Sonata Nr.2 for Violin Solo, Mika Yonezawa\" width=\"590\" height=\"332\" src=\"https:\/\/www.youtube.com\/embed\/90KoXYr9HNU?feature=oembed\" frameborder=\"0\" allow=\"accelerometer; autoplay; clipboard-write; encrypted-media; gyroscope; picture-in-picture; web-share\" referrerpolicy=\"strict-origin-when-cross-origin\" allowfullscreen><\/iframe><\/p>\n<p><iframe loading=\"lazy\" title=\"Wolfgang Amadeus Mozart Divertimento F-Dur Allegro\" width=\"590\" height=\"332\" src=\"https:\/\/www.youtube.com\/embed\/Rv6oc751G4A?start=12&#038;feature=oembed\" frameborder=\"0\" allow=\"accelerometer; autoplay; clipboard-write; encrypted-media; gyroscope; picture-in-picture; web-share\" referrerpolicy=\"strict-origin-when-cross-origin\" allowfullscreen><\/iframe><\/p>\n<p><iframe loading=\"lazy\" title=\"Schostakowitsch - Prelude - Friedemann Ludwig &amp; Douglas Vistel\" width=\"590\" height=\"332\" src=\"https:\/\/www.youtube.com\/embed\/EL3NJgT6RAU?feature=oembed\" frameborder=\"0\" allow=\"accelerometer; autoplay; clipboard-write; encrypted-media; gyroscope; picture-in-picture; web-share\" referrerpolicy=\"strict-origin-when-cross-origin\" allowfullscreen><\/iframe><\/p>\n<p>am 14. M\u00e4rz (Mittwoch) um 17:30 Uhr findet im Gro\u00dfen Saal des Pankower Rathauses ein Konzert statt, zu dem ich Sie herzlich einlade.<\/p>\n<p>Sechs meiner Instrumente\u00a0 werden vorgestellt. Es spielen:<\/p>\n<p>Mika Yonezawa, stellv. Konzertmeisterin, Komische Oper Berlin<\/p>\n<p>Friedemann Ludwig, Solocellist des Berliner Konzerthausorchesters<\/p>\n<p>Douglas Vist\u00e8l, Solocellist, Santiago de Cuba, Berlin,\u00a0 Almut Krausser-Vist\u00e9l, piano<\/p>\n<p>Mark Chaet, Violine, Trio Bravo<a href=\"http:\/\/dimitroff-geigen.de\/?attachment_id=372\" rel=\"attachment wp-att-372\"><img loading=\"lazy\" decoding=\"async\" class=\"alignright size-medium wp-image-372\" src=\"http:\/\/dimitroff-geigen.de\/wp-content\/uploads\/2018\/02\/Blaue-Geige-200x300.jpg\" alt=\"\" width=\"200\" height=\"300\" srcset=\"http:\/\/dimitroff-geigen.de\/wp-content\/uploads\/2018\/02\/Blaue-Geige-200x300.jpg 200w, http:\/\/dimitroff-geigen.de\/wp-content\/uploads\/2018\/02\/Blaue-Geige-768x1152.jpg 768w, http:\/\/dimitroff-geigen.de\/wp-content\/uploads\/2018\/02\/Blaue-Geige-683x1024.jpg 683w\" sizes=\"auto, (max-width: 200px) 100vw, 200px\" \/><\/a><\/p>\n<p>und Sch\u00fclerinnen der Pankower Musikschule &#8220;Bela Bartok&#8221;.<\/p>\n<p>Instrumente:<\/p>\n<p>Geige, 2005, Lack Goldorange, r\u00f6tlich<\/p>\n<p>Geige, 2010, gro\u00dfes Format, Blau,<\/p>\n<p>Bratsche, 2009, Korpusl\u00e4nge 41,5, Lack Altgold,<\/p>\n<p>Bratsche, 2011, Korpusl\u00e4nge 40,0, \u00d6llack r\u00f6tlich-braun<\/p>\n<p>Cello,\u00a0 2014, &#8220;Orange Grazie&#8221; eingespielt von Friedemann Ludwig<\/p>\n<p>Cello 2017, eingespielt von Douglas Vist\u00e9l<\/p>\n<p><a href=\"http:\/\/dimitroff-geigen.de\/?attachment_id=353\" rel=\"attachment wp-att-353\"><img loading=\"lazy\" decoding=\"async\" class=\"alignleft size-medium wp-image-353\" src=\"http:\/\/dimitroff-geigen.de\/wp-content\/uploads\/2012\/10\/Cello17Front-183x300.jpg\" alt=\"\" width=\"183\" height=\"300\" srcset=\"http:\/\/dimitroff-geigen.de\/wp-content\/uploads\/2012\/10\/Cello17Front-183x300.jpg 183w, http:\/\/dimitroff-geigen.de\/wp-content\/uploads\/2012\/10\/Cello17Front-768x1262.jpg 768w, http:\/\/dimitroff-geigen.de\/wp-content\/uploads\/2012\/10\/Cello17Front-623x1024.jpg 623w\" sizes=\"auto, (max-width: 183px) 100vw, 183px\" \/><\/a><\/p>\n<p>das neue Cello hat am 10.12. 2017 in Vist\u00e8ls Cellosalon in Berlin seine erste Bew\u00e4hrungsprobe bestanden. Der kubanische Ausnahmecellist Douglas Vist\u00e9l und Almuth Krausser-Vist\u00e8l, die wunderbare Pianistin gaben ein Konzert mit virtuosen Cellost\u00fccken und brachten mein Cello zum klingen. Hier nochmal mein herzlicher Dank an die beiden. Hier ein kleiner Proben Ausschnitt. Das n\u00e4chste Konzert in Berlin in Vist\u00e8ls Cellosalon k\u00f6nnt Ihr Sylvester erleben. N\u00e4heres dazu hier: <a href=\"http:\/\/www.vistels.com\/demnaechst.html\">http:\/\/www.vistels.com\/demnaechst.html<\/a><\/p>\n<div style=\"width: 590px;\" class=\"wp-video\"><video class=\"wp-video-shortcode\" id=\"video-118-1\" width=\"590\" height=\"332\" preload=\"metadata\" controls=\"controls\"><source type=\"video\/mp4\" src=\"http:\/\/dimitroff-geigen.de\/wp-content\/uploads\/2017\/12\/IMG_2416.m4v?_=1\" \/><a href=\"http:\/\/dimitroff-geigen.de\/wp-content\/uploads\/2017\/12\/IMG_2416.m4v\">http:\/\/dimitroff-geigen.de\/wp-content\/uploads\/2017\/12\/IMG_2416.m4v<\/a><\/video><\/div>\n<p>Aus welchem Holz wird eine Geige gebaut. Woraus bestehen die Bogenhaare ? Woraus besteht der Lack einer Geige. Wie kommt die Stimme in die Geige ?\u00a0 Sie oder Ihr Kind m\u00f6chten Geige, Bratsche oder Cello n\u00e4her kennenlernen. Oder Sie wollten schon immer mal einen Hobel in die Hand nehmen . . .<\/p>\n<p><a href=\"http:\/\/dimitroff-geigen.de\/?attachment_id=302\" rel=\"attachment wp-att-302\"><img loading=\"lazy\" decoding=\"async\" class=\"size-medium wp-image-302 alignleft\" src=\"http:\/\/dimitroff-geigen.de\/wp-content\/uploads\/2014\/01\/DSC_5598-300x199.jpg\" alt=\"dsc_5598\" width=\"300\" height=\"199\" srcset=\"http:\/\/dimitroff-geigen.de\/wp-content\/uploads\/2014\/01\/DSC_5598-300x199.jpg 300w, http:\/\/dimitroff-geigen.de\/wp-content\/uploads\/2014\/01\/DSC_5598-768x510.jpg 768w, http:\/\/dimitroff-geigen.de\/wp-content\/uploads\/2014\/01\/DSC_5598-1024x680.jpg 1024w\" sizes=\"auto, (max-width: 300px) 100vw, 300px\" \/><\/a>Am Sonntag, den 2. Dezember, von 16 &#8211; 18 Uhr biete ich wieder einen Schnupperkurs in meiner Werkstatt an. Hier k\u00f6nnen Sie in die Welt des Geigenbaus eintauchen, Fragen stellen, Instrumente ausprobieren und unter meiner Anleitung selbst zum Hobel greifen. Ich werde eine kleine Einf\u00fchrung in die Kunst des Geigenbaus geben und dar\u00fcber hinaus auch Tips zur Pflege und Aufbewahrung geben, sowie etwas zur Klangeinstellung u.a. der richtigen Saitenwahl erz\u00e4hlen.<br \/>\nGanz Mutige d\u00fcrfen unter meiner Anleitung auch selbst den Hobel in die Hand nehmen.<\/p>\n<p>Teilnahmegeb\u00fchr pro Person: 25 \u20ac<\/p>\n<p>Teilnehmerzahl min. 5 &#8211; max. 8<\/p>\n<p><a href=\"http:\/\/dimitroff-geigen.de\/?attachment_id=321\" rel=\"attachment wp-att-321\"><img loading=\"lazy\" decoding=\"async\" class=\"aligncenter size-medium wp-image-321\" src=\"http:\/\/dimitroff-geigen.de\/wp-content\/uploads\/2014\/01\/DSC_0168-300x200.jpg\" alt=\"dsc_0168\" width=\"300\" height=\"200\" srcset=\"http:\/\/dimitroff-geigen.de\/wp-content\/uploads\/2014\/01\/DSC_0168-300x200.jpg 300w, http:\/\/dimitroff-geigen.de\/wp-content\/uploads\/2014\/01\/DSC_0168-768x512.jpg 768w, http:\/\/dimitroff-geigen.de\/wp-content\/uploads\/2014\/01\/DSC_0168-1024x683.jpg 1024w\" sizes=\"auto, (max-width: 300px) 100vw, 300px\" \/><\/a>Bitte um Anmeldung,\u00a0da der Platz in meiner Werkstatt begrenzt ist<\/p>\n<p>per mail an post@dimitroff-geigen.de oder tel.: Mo &#8211; Fr zwischen 14 &#8211; 18 Uhr<\/p>\n<p>Ich freue mich schon.<\/p>\n<p style=\"text-align: justify;\"><a href=\"http:\/\/dimitroff-geigen.de\/wp-content\/uploads\/2012\/10\/CelloSchnecke.jpg\"><img loading=\"lazy\" decoding=\"async\" class=\"alignright size-medium wp-image-256\" src=\"http:\/\/dimitroff-geigen.de\/wp-content\/uploads\/2012\/10\/CelloSchnecke-198x300.jpg\" alt=\"CelloSchnecke\" width=\"198\" height=\"300\" srcset=\"http:\/\/dimitroff-geigen.de\/wp-content\/uploads\/2012\/10\/CelloSchnecke-198x300.jpg 198w, http:\/\/dimitroff-geigen.de\/wp-content\/uploads\/2012\/10\/CelloSchnecke.jpg 424w\" sizes=\"auto, (max-width: 198px) 100vw, 198px\" \/><\/a><\/p>\n<p style=\"text-align: justify;\">nun ist das erste Cello nach meinem eigenen Modell fertig. Friedemann Ludwig, Solocellist am Konzerthausorchester Berlin, spielt es zur Zeit ein. In den n\u00e4chsten Wochen k\u00f6nnen Interessierte das Instrument in meiner Werkstatt anspielen.<\/p>\n<p style=\"text-align: justify;\"><strong>Anfang Mai<\/strong> lade ich zu einem kleinen Anspiel meiner Instrumente in die Werkstatt. Dort gibt es die Gelegenheit ganz verschiedene alte und neue Instrumente (Geigen, Celli, Bratschen und einen Kontrabsss) in entspannter Runde mit Kollegen oder Freunden anzuspielen.<\/p>\n<p style=\"text-align: justify;\">Der genaue Termin wird hier in K\u00fcrze stehen.<\/p>\n<p style=\"text-align: justify;\">ich w\u00fcnsche Euch und Ihnen ein gesundes und gl\u00fcckliches Neues Jahr 2014.<\/p>\n<p style=\"text-align: justify;\">Gleich zu Beginn des neuen Jahres werden zwei Celli fertig. Das eine ist ein Werkstattinstrument, f\u00fcr Sch\u00fcler und Studenten. Die grobe Wei\u00dfarbeit stammt aus einer s\u00fcddeutschen Werkstatt, ich arbeite die Deckenst\u00e4rken nach f\u00fcr den individuellen Klang, und mache auch ein optisches Feintuning der Holzarbeit, R\u00e4nder, Schnecke etc. \u00a0lackiere mit meinem selbst hergestellten Lack nach eigenem Rezept. Das Konzept hat sich schon im letzten Jahr bew\u00e4hrt. Ein ausgewogen klingendes Instrument f\u00fcr Ambitionierte, Sch\u00fcler und Studenten zu einem erschwinglichen Preis.<\/p>\n<p style=\"text-align: justify;\">Nun wird also das 3. Instrument dieser Klasse fertig. \u00a0Der Lack ist \u00a0fast trocken und in ein paar Tagen geht es ans Set up: also Griffbrett, Ober- und Untersattel, Wirbel, Steg und Stimme, Saitenhalter und Stachel werden ein- und angepasst.<\/p>\n<p style=\"text-align: justify;\">Das zweite Cello ist etwas ganze Besonderes.<\/p>\n<p style=\"text-align: justify;\">Ich habe es nach meinem eigenen Modell gebaut. \u00a0Inspiriert zu diesem Modell hat mich ein ca. 200 j\u00e4hriges Cello von einem unbekannten Meister, das ich seit \u00fcber 35 Jahren spiele. Es hat einen warmen singenden und sonoren Ton, ist in allen Lagen sehr ausgeglichen, hat einen warm silbrigen Klang im Diskant, der sich auch im Ensemble gut durchsetzt und einen vollen kr\u00e4ftigen tragf\u00e4higen Bass. Dieses Cello l\u00e4\u00dft sich geografisch nur schwer einordnen, vermutlich hat es ein Kollege gebaut, der lange Wanderjahre durch die Geigenbauwerkst\u00e4tten ganz Europas hinter sich hatte. An diesem alten Instrument finden sich Baumerkmale verschiedener geografischer Schulen, es hat ein ganz eigenes individuelles Gesicht und vor allem einen einmaligen Klang. Und das sehr Besondere &#8211; es hat keinen Wolf.<a href=\"http:\/\/dimitroff-geigen.de\/wp-content\/uploads\/2014\/01\/DSC_0031_2.jpg\"><img loading=\"lazy\" decoding=\"async\" class=\"alignright size-medium wp-image-144\" src=\"http:\/\/dimitroff-geigen.de\/wp-content\/uploads\/2014\/01\/DSC_0031_2-243x300.jpg\" alt=\"DSC_0031_2\" width=\"243\" height=\"300\" srcset=\"http:\/\/dimitroff-geigen.de\/wp-content\/uploads\/2014\/01\/DSC_0031_2-243x300.jpg 243w, http:\/\/dimitroff-geigen.de\/wp-content\/uploads\/2014\/01\/DSC_0031_2.jpg 519w\" sizes=\"auto, (max-width: 243px) 100vw, 243px\" \/><\/a><\/p>\n<p style=\"text-align: justify;\">F\u00fcr mein Instrument habe ich ganz besonders\u00a0feines, gut ausgesuchtes Klangholz aus den H\u00f6henlagen der Alpen gew\u00e4hlt. Auch dieses Instrument wird in wenigen Wochen fertig.<\/p>\n<p style=\"text-align: justify;\">Ich bin gespannt und freue mich schon auf das gemeinsame Anspiel mit Euch.<\/p>\n<p style=\"text-align: justify;\">Alle Instrumente aus meiner Werkstatt: Geigen, Bratschen, Celli und B\u00e4sse k\u00f6nnen in meiner Werkstatt angespielt und zum Probespielen auch mit nach Hause genommen werden.<\/p>\n","protected":false},"excerpt":{"rendered":"<p>Liebe Freunde, liebe Streicherinnen und Streicher, 1. Werkstattkonzert am 14.3.2018 im Rathaussaal Berlin Pankow zwei Ausschnitte, dieses wunderbaren Abends &#8211; herzlichen Dank an die wunderbaren Musikerinnen und Musiker [..]<\/p>\n","protected":false},"author":1,"featured_media":256,"parent":0,"menu_order":0,"comment_status":"closed","ping_status":"closed","template":"","meta":{"footnotes":""},"class_list":["post-118","page","type-page","status-publish","has-post-thumbnail","hentry"],"_links":{"self":[{"href":"http:\/\/dimitroff-geigen.de\/index.php?rest_route=\/wp\/v2\/pages\/118","targetHints":{"allow":["GET"]}}],"collection":[{"href":"http:\/\/dimitroff-geigen.de\/index.php?rest_route=\/wp\/v2\/pages"}],"about":[{"href":"http:\/\/dimitroff-geigen.de\/index.php?rest_route=\/wp\/v2\/types\/page"}],"author":[{"embeddable":true,"href":"http:\/\/dimitroff-geigen.de\/index.php?rest_route=\/wp\/v2\/users\/1"}],"replies":[{"embeddable":true,"href":"http:\/\/dimitroff-geigen.de\/index.php?rest_route=%2Fwp%2Fv2%2Fcomments&post=118"}],"version-history":[{"count":23,"href":"http:\/\/dimitroff-geigen.de\/index.php?rest_route=\/wp\/v2\/pages\/118\/revisions"}],"predecessor-version":[{"id":421,"href":"http:\/\/dimitroff-geigen.de\/index.php?rest_route=\/wp\/v2\/pages\/118\/revisions\/421"}],"wp:featuredmedia":[{"embeddable":true,"href":"http:\/\/dimitroff-geigen.de\/index.php?rest_route=\/wp\/v2\/media\/256"}],"wp:attachment":[{"href":"http:\/\/dimitroff-geigen.de\/index.php?rest_route=%2Fwp%2Fv2%2Fmedia&parent=118"}],"curies":[{"name":"wp","href":"https:\/\/api.w.org\/{rel}","templated":true}]}}